 59 - y. List the prime factors of h.
5, 17
Let m(d) = 2*d**3 - 4*d**2 - d. Let j be m(3). Suppose 20*s - 1860 = j*s. List the prime factors of s.
2, 3, 31
Let r(h) = -138*h - 2540. List the prime factors of r(-32).
2, 7, 67
Let x = 31173 - 20337. List the prime factors of x.
2, 3, 7, 43
Let h = 390 + -1058. Let n = -437 - h. What are the prime factors of n?
3, 7, 11
Suppose 2*z + 3*v - 21 = 0, 16*z + 3 = 12*z + 3*v. Suppose -z*r - n = -177, 4*r = 4*n + 229 + 23. List the prime factors of r.
2, 3, 5
Let x(c) = c**3 + 16*c**2 - 18*c + 27. Let a(d) = -d**3 - 6*d**2 - 3*d + 4. Let m be a(-4). Let y be x(m). Let w = -188 + y. What are the prime factors of w?
127
Let b be (1 + -1139)/(-2) + (2 - 0). Suppose -1913 = -6*y + b. List the prime factors of y.
2, 3, 23
Let z(f) = -170*f**3 + 20*f**2 + 18*f - 1. List the prime factors of z(-1).
3, 19
Suppose -24*h + 35*h = -55. List the prime factors of (203/(-14) - h)*-14.
7, 19
Let z be 2*2*132/8. Let v = 5 - -4. Suppose 3*g - z = -5*f, -3*g - 3 + v = 0. List the prime factors of f.
2, 3
Suppose 20*m - 170 = 3*m. Suppose -m*o - 3*o + 6188 = 0. What are the prime factors of o?
2, 7, 17
Let l be 5/(-15)*18/(-2) + 2. Suppose l*z = 3*y + 74, y + 3*z + 30 + 4 = 0. List the prime factors of 622/8 + (-7)/y.
2, 3, 13
Let c(w) be the first derivative of w**3/3 + w**2/2 - 2*w - 19. Let h be c(2). Suppose h*k - 287 = -23. List the prime factors of k.
2, 3, 11
Let c(d) = 442*d**2 - 24*d + 35. What are the prime factors of c(-4)?
3, 7
Suppose 0 = -4*h - 2*k - 2, 4*k + 1 = -2*h - 3. Suppose 106 = 2*q - 90. Suppose -u + 5*n + q = h, -3*u - 2*n + 3*n = -238. List the prime factors of u.
2, 3, 13
Suppose 0 = -13*z + 99725 + 117193. List the prime factors of z.
2, 3, 103
Suppose -16*f + 320581 + 85083 = 0. What are the prime factors of f?
2, 7, 1811
Let q(x) = -x**3 - 22*x**2 - x - 16. Let j be q(-22). Suppose j*t - 7106 = -488. List the prime factors of t.
1103
Suppose 3*y - 237 = 5*u + 23, -u - 4 = 0. List the prime factors of (-5)/y*2 - (-14043)/24.
3, 5, 13
Suppose h + 51 = k, 4*k - 143 = -5*h + 52. Suppose -5*p + 2*p + 336 = 0. Let m = p - k. List the prime factors of m.
2, 31
Let z be (-19 + 1 + 0)/(-27 + 26). Let m be z/(-8)*(-8)/6. List the prime factors of (2/m)/((-2)/(-6) + 0).
2
Let h = 2 + 3. Suppose h = 2*y - 945. List the prime factors of y.
5, 19
Suppose -5*w = -61*f + 56*f - 20430, -w = -3*f - 4092. List the prime factors of w.
3, 1361
Let k(i) = 280*i**3 - 19*i**2 + 7*i - 4. What are the prime factors of k(2)?
2, 1087
Let v(y) = -y**3 + 18*y**2 + 4. Let d be v(18). Suppose 10 = k + d*k. Suppose -5*s - 77 = z - 693, -5*s + k*z + 628 = 0. What are the prime factors of s?
2, 31
Suppose 31*k + 5*g = 26*k + 129300, -7 = g. What are the prime factors of k?
25867
Suppose -h - 4*n = -43862, -3*h + 143*n + 131599 = 142*n. List the prime factors of h.
2, 3, 2437
Let y(m) = 36*m**2 + 15*m - 38. Let z be y(4). Suppose 15*s - 16*s - 3*g + z = 0, 0 = 4*s + 3*g - 2392. What are the prime factors of s?
2, 13, 23
Let i(z) be the second derivative of z**4/3 - 47*z**3/6 - 9*z**2 - 56*z. List the prime factors of i(15).
3, 59
Let l be ((-640)/(-100))/((-4)/(-10)). Suppose -11*s + l*s - 150 = 0. Suppose m + s = -4*j + 155, 4*m = 3*j - 70. What are the prime factors of j?
2, 3, 5
Let k(o) be the third derivative of o**6/120 - o**5/5 + 3*o**4/4 + 7*o**3/2 - 12*o**2. Let f be k(10). List the prime factors of 4 + (-10)/5 + f.
3
Let z = -29604 + 46448. List the prime factors of z.
2, 4211
Suppose -459 = -3*v - 3*z, -2*v + 231 = -2*z - 67. Suppose 9*b = -43 + v. What are the prime factors of ((-5)/10)/((-3)/b)?
2
Let c be 6/(-15)*(-2)/((-4)/(-85)). Suppose 0 = -14*f + c*f - 75. What are the prime factors of f?
5
Let b(y) = -y**2 - 9*y - 5. Let d be b(-7). Let p(k) = -8*k**2 + d*k**2 - 4*k**2 + 0*k**2 + 14 + 18*k. What are the prime factors of p(6)?
2, 7
Suppose -5*d = 24*j - 21*j - 52, 5*d - 34 = -j. Let p(b) = b**3 + 7*b**2 + 22*b + 2. List the prime factors of p(j).
2, 11, 17
Suppose -3*o = -5*x + 63807, -236*x + 3*o - 12765 = -237*x. List the prime factors of x.
2, 3, 709
Let h(z) be the first derivative of 111*z**2/2 - 30*z + 39. List the prime factors of h(4).
2, 3, 23
Suppose -18 = -87*n + 86*n. Suppose -11 = -4*d + 3*s + 13, -4*s + n = 3*d. Let t(r) = -6*r + 53. What are the prime factors of t(d)?
17
Let r = 142 - 138. Suppose 3*w + n - r = 28, -4*w + 36 = -2*n. List the prime factors of w.
2, 5
Let n(p) = -p**3 + 77*p**2 + 15*p + 660. What are the prime factors of n(67)?
5, 9311
Suppose -p + 11064 = r - 3*p, -3*r - 4*p = -33222. List the prime factors of r.
2, 3, 5, 41
Let a be (3 + 4737)/(9/6). Suppose 26*p = 18*p + a. List the prime factors of p.
5, 79
Let c(t) = t + 6. Let a be c(-4). Suppose 2*j - 492 = -3*r + 3*j, -2*r = -a*j - 328. Let g = r - 81. What are the prime factors of g?
83
Suppose 0 = -3*l - 5*z - 0*z + 47800, -31862 = -2*l - z. Suppose -22*o = -4*o - l. List the prime factors of o.
3, 5, 59
Suppose 37914 = 14*z - 542372. What are the prime factors of z?
181, 229
Suppose -4*d = a - 53334, -2*a + 1027*d - 1026*d = -106650. What are the prime factors of a?
2, 7, 13, 293
Let s(g) = -g**3 + 13*g**2 - 11*g - 6. Let x be s(12). Suppose 5*k - 5 = 0, -x*k = -2*y - 10*k + 506. List the prime factors of y.
251
Let p be 1/(-2)*(10 + -8). Let w be (-2)/((-435)/(-445) + p). Suppose -5*x + 342 = y, 5*x + 3*y + w = 435. What are the prime factors of x?
2, 17
Suppose -3*p - 16 = -13, 2*q = 5*p - 27. Let y = q + 1033. What are the prime factors of y?
3, 113
Suppose 20*l - 16*l = 20. Suppose l*k = -21 + 66. List the prime factors of k.
3
Suppose -2356 = -2*u + 4*f + 19616, -4*f - 12 = 0. List the prime factors of u.
2, 3, 5, 61
Suppose -15 = 3*j, 2*h + j - 259 = -4. Let a = 228 + h. What are the prime factors of a?
2, 179
Let c(z) = 5*z**2 - 14*z - 26. Let a be c(12). Suppose -a = i + 361. What are the prime factors of 22/77 + i/(-7)?
127
Let x = 11404 + -7944. Suppose 26*n = 36*n - x. What are the prime factors of n?
2, 173
Suppose -62*f - 58*f + 309620 = -110*f. What are the prime factors of f?
2, 113, 137
Let z(a) be the third derivative of 4*a**4 - 2*a**3/3 - 398*a**2 + 2*a. Let t(y) = y**3 - 6*y**2 + 1. Let f be t(6). What are the prime factors of z(f)?
2, 23
Suppose -l = 2*u - 10636, 2*u = 3*l + 5*u - 31926. What are the prime factors of l?
2, 11
Let u = 351 - 356. What are the prime factors of 785/4*(-1 + u + 10)?
5, 157
Suppose -14*j = -3*r - 9*j + 108, -4*j + 94 = 2*r. Let s = 315 + r. List the prime factors of s.
2, 89
Suppose 0 + 5 = 5*v. Let f be ((-32)/12)/(((-112)/24)/7). What are the prime factors of -1 - (-195)/(f + v)?
2, 19
Let v be (-2)/((-5)/(131 + -1)). Suppose -5*c + v = -3*c - 5*n, 5*c + 3*n - 192 = 0. What are the prime factors of c?
2, 3
Let p = 625 - -9. List the prime factors of p.
2, 317
Let p(l) = 53*l**3 + 12*l**2 - 6*l - 4. Let x(w) = 52*w**3 + 11*w**2 - 6*w - 3. Let i(z) = -5*p(z) + 6*x(z). List the prime factors of i(3).
1307
Suppose 21*k + 14516 = 25*k + m, 0 = -5*m - 20. What are the prime factors of k?
2, 3, 5, 11
Let y be (-121)/(-33) + 1/3. Suppose y*r + 19 = 231. Suppose -288 - r = -11*p. List the prime factors of p.
31
Let p = -215 - -230. What are the prime factors of 6/9 - ((-10565)/p - 1)?
2, 353
Let y = 14824 - 8148. What are the prime factors of y?
2, 1669
Suppose 121*x + 661124 - 898203 = 1261990. What are the prime factors of x?
13, 953
Let f be (-1 - 6/(-9))*(11 + -38). Suppose 0 = -2*p + f*p - 3129. What are the prime factors of p?
3, 149
Let l(y) = 755*y**2 + 13*y - 31. List the prime factors of l(-4).
3, 31, 43
Let p be 248/(0 - (-4)/(-4)). Let g = p - -512. What are the prime factors of g?
2, 3, 11
Let l(w) = 9*w**2 - 3*w - 23 + 13 + 2*w + 4*w + w**3. Suppose 2*y = 3*y + 6. What are the prime factors of l(y)?
2, 5
Let z = -7915 - -11865. List the prime factors of z.
2, 5, 79
Let w be (-5)/(50/(-4)) + 12/20. Let s be (-1)/(2/8*w). What are the prime factors of (-7)/(42/s)*78?
2, 13
Let q = -245 + 41. Let x = -67 - q. Let z = x + -57. List the prime factors of z.
2, 5
Suppose -16*i - 52 = 10*i. List the prime factors of (i - (-70)/25)*(-9820)/(-8).
2, 491
Suppose 5*y = 55 + 705. What are the prime factors of y + (6 - (1 + 4))?
3, 17
Let m(h) = 15*h**2 + 48*h + 2007. List 